or of 6154542?
True
Is 103680 a multiple of 540?
True
Is 1036904 a multiple of 47?
False
Is 124034 a multiple of 307?
False
Is 21 a factor of 148344?
True
Is 3444161 a multiple of 8?
False
Is 19478778 a multiple of 957?
True
Is 76 a factor of 3105888?
False
Is 488724 a multiple of 5?
False
Is 13 a factor of 334549?
False
Is 10010001 a multiple of 23?
False
Is 7778807 a multiple of 133?
False
Does 25 divide 3744529?
False
Does 395 divide 197310?
False
Does 1826 divide 4749426?
True
Does 36 divide 21978576?
True
Is 442056 a multiple of 25?
False
Does 25 divide 64777?
False
Is 96733 a multiple of 181?
False
Is 295542 a multiple of 27?
True
Is 31 a factor of 235900?
False
Is 335 a factor of 216463?
False
Is 937902 a multiple of 14?
True
Does 13 divide 3504137?
True
Is 5490264 a multiple of 52?
True
Is 61475 a multiple of 39?
False
Is 289842 a multiple of 294?
False
Is 341162 a multiple of 47?
False
Does 20 divide 6366120?
True
Is 57 a factor of 141948?
False
Does 12 divide 55248?
True
Does 10 divide 10654644?
False
Does 405 divide 4566184?
False
Is 43855 a multiple of 7?
True
Does 529 divide 523693?
False
Is 18413 a multiple of 41?
False
Is 19 a factor of 1191718?
True
Is 36 a factor of 4600584?
True
Is 239 a factor of 955283?
True
Is 46 a factor of 351173?
False
Does 492 divide 1721782?
False
Does 200 divide 551200?
True
Is 42 a factor of 774596?
False
Is 308 a factor of 379148?
True
Is 123952 a multiple of 103?
False
Is 648 a factor of 352440?
False
Does 35 divide 1012564?
False
Does 379 divide 6330058?
True
Does 631 divide 102539?
False
Is 337742 a multiple of 94?
True
Is 63965 a multiple of 169?
False
Does 177 divide 462922?
False
Does 777 divide 400365?
False
Is 103986 a multiple of 54?
False
Does 2 divide 9034?
True
Is 91350 a multiple of 45?
True
Is 1687074 a multiple of 8?
False
Is 50724 a multiple of 6?
True
Is 526 a factor of 713102?
False
Does 37 divide 36408?
True
Does 30 divide 805987?
False
Does 171 divide 5055957?
True
Is 131488 a multiple of 7?
True
Does 16 divide 3832?
False
Is 1263 a factor of 5643602?
False
Is 1571496 a multiple of 4?
True
Is 89 a factor of 172927?
True
Is 682108 a multiple of 34?
True
Does 10 divide 2704800?
True
Is 781955 a multiple of 118?
False
Does 4 divide 79774?
False
Is 183032 a multiple of 8?
True
Does 23 divide 45103?
True
Is 167 a factor of 98753?
False
Is 1039848 a multiple of 37?
True
Does 47 divide 2169943?
True
Does 23 divide 2607464?
True
Is 163 a factor of 118338?
True
Does 234 divide 42046?
False
Is 765930 a multiple of 11?
True
Is 2721793 a multiple of 7?
False
Is 111 a factor of 321456?
True
Is 454591 a multiple of 10?
False
Does 221 divide 364182?
False
Is 18 a factor of 382050?
True
Is 213 a factor of 316873?
False
Is 2028000 a multiple of 16?
True
Is 14694 even?
True
Does 356 divide 6408?
True
Is 54 a factor of 2651814?
False
Does 341 divide 35554?
False
Does 57 divide 253764?
True
Is 138 a factor of 359352?
True
Is 83 a factor of 282556?
False
Is 199 a factor of 353225?
True
Does 87 divide 2214846?
True
Is 12536 a multiple of 4?
True
Is 29 a factor of 291559?
False
Is 272400 a multiple of 5?
True
Does 101 divide 1251340?
False
Is 19 a factor of 104749?
False
Is 103622 a multiple of 62?
False
Is 323 a factor of 7608022?
False
Does 14 divide 10925?
False
Does 21 divide 178266?
False
Is 40 a factor of 17987?
False
Does 12 divide 17999?
False
Is 6677450 a multiple of 13?
True
Is 38 a factor of 3058430?
True
Is 20 a factor of 2469510?
False
Is 1006907 a multiple of 11?
True
Does 182 divide 12976385?
False
Is 1304310 a multiple of 14?
True
Is 75974 a multiple of 119?
False
Is 879 a factor of 5767175?
False
Is 36 a factor of 135188?
False
Does 4 divide 62346?
False
Is 26784 a multiple of 36?
True
Is 161345 a multiple of 16?
False
Does 126 divide 8348382?
True
Is 296418 a multiple of 762?
True
Does 21 divide 94293?
False
Does 46 divide 43010?
True
Does 15 divide 285378?
False
Is 173842 a multiple of 75?
False
Is 385 a factor of 11343637?
False
Is 904576 a multiple of 296?
True
Is 10 a factor of 163960?
True
Is 257 a factor of 222048?
True
Does 174 divide 410975?
False
Does 50 divide 1268324?
False
Does 70 divide 3165680?
True
Is 319 a factor of 125686?
True
Does 306 divide 6399337?
False
Is 29974 a multiple of 14?
True
Does 42 divide 1096872?
True
Is 848 a factor of 23548112?
True
Is 19 a factor of 8976653?
False
Is 29 a factor of 2088?
True
Is 43537 a multiple of 14?
False
Is 56931 a multiple of 21?
True
Is 1972045 a multiple of 75?
False
Does 101 divide 480147?
False
Is 39 a factor of 196245?
False
Does 488 divide 34648?
True
Does 14 divide 579966?
False
Is 234997 a multiple of 413?
True
Does 458 divide 514792?
True
Is 140219 a multiple of 30?
False
Does 38 divide 2521376?
True
Is 47 a factor of 466757?
True
Is 12 a factor of 276595?
False
Does 61 divide 1178777?
False
Is 1427000 a multiple of 25?
True
Is 736556 even?
True
Is 34 a factor of 461923?
False
Is 75348 a multiple of 28?
True
Is 1033856 a multiple of 381?
False
Is 61161 a multiple of 29?
True
Is 94470 a multiple of 22?
False
Does 6 divide 67665?
False
Is 33 a factor of 134291?
False
Is 125 a factor of 502681?
False
Is 1224 a factor of 423504?
True
Is 61059 a multiple of 56?
False
Is 3936170 a multiple of 21?
False
Is 33 a factor of 624162?
True
Is 182 a factor of 491036?
True
Is 109314 a multiple of 72?
False
Is 176400 a multiple of 42?
True
Is 3663 a multiple of 9?
True
Is 50 a factor of 103250?
True
Is 13 a factor of 284432?
False
Does 8 divide 273448?
True
Is 21 a factor of 88431?
True
Is 415 a factor of 982720?
True
Does 302 divide 2433576?
False
Does 6 divide 108424?
False
Is 106 a factor of 2228492?
False
Is 76509 a multiple of 40?
False
Does 19 divide 94164?
True
Is 5 a factor of 1537103?
False
Is 2 a factor of 62791?
False
Does 190 divide 6460?
True
Does 256 divide 5740800?
True
Does 38 divide 6151737?
False
Is 23 a factor of 3943879?
True
Is 17 a factor of 129285?
True
Does 4 divide 14536?
True
Is 62 a factor of 414767?
False
Is 27271 a multiple of 29?
False
Is 41 a factor of 55514?
True
Is 177300 a multiple of 25?
True
Is 1054529 a multiple of 206?
False
Is 632918 a multiple of 11?
True
Is 108150 a multiple of 14?
True
Is 116 a factor of 1761112?
True
Does 33 divide 53064?
True
Is 700 a factor of 6335064?
False
Is 6934576 a multiple of 124?
True
Is 3986802 a multiple of 9?
True
Is 359 a factor of 1949729?
True
Does 25 divide 37559275?
True
Is 50 a factor of 464306?
False
Does 4 divide 35775?
False
Is 960738 a multiple of 378?
False
Is 572 a factor of 16394092?
True
Is 154922 a multiple of 11?
False
Does 326 divide 10576092?
True
Is 339 a factor of 5276852?
False
Is 263835 a multiple of 33?
True
Does 69 divide 15264808?
False
Does 184 divide 2758402?
False
Does 5 divide 371246?
False
Is 262 a factor of 2562360?
True
Is 10 a factor of 57966?
False
Is 33868 a multiple of 71?
False
Does 328 divide 34112?
True
Is 46 a factor of 432400?
True
Is 67 a factor of 976945?
False
Does 14 divide 117688?
False
Does 11 divide 727551?
True
Is 285997 a multiple of 50?
False
Is 704873 a multiple of 767?
True
Does 27 divide 5616?
True
Does 273 divide 76713?
True
Is 243675 a multiple of 15?
True
Is 131526 a multiple of 9?
True
Does 302 divide 10933306?
True
Does 48 divide 63264?
True
Is 31008 a multiple of 48?
True
Is 7086532 a multiple of 3?
False
Does 130 divide 68900?
True
Is 566 a factor of 592234?
False
Is 13 a factor of 12417647?
False
Is 316386 a multiple of 486?
True
Is 18 a factor of 28692?
True
Is 26 a factor of 13381?
False
Is 14 a factor of 80304?
True
Is 195338 a multiple of 143?
True
Does 114 divide 80088?
False
Does 156 divide 1915219?
False
Is 139 a factor of 1414464?
True
Does 448 divide 1096256?
True
Does 319 divide 1711703?
False
Is 14 a factor of 277228?
True
Is 28 a factor of 115528?
True
Does 65 divide 1020825?
True
Does 873 divide 702714?
False
Is 3566167 a multiple of 456?
False
Does 19 divide 288648?
True
Does 121 divide 659692?
True
Is 187726 a multiple of 106?
True
Is 18 a factor of 276624?
True
Is 79 a factor of 72285?
True
Is 288063 a multiple of 141?
True
Does 2469 divide 8105727?
True
Is 7 a factor of 909300?
True
Does 5 divide 9911?
False
Does 423 divide 2082857?
False
Is 242919 a multiple of 256?
False
Is 28